Let k(o) = -o**3 - 18*o**2 - 59*o + 79. What is k(-13)?
1
Let x(g) = -4837*g + 38704. Give x(8).
8
Let l(a) = -a**2 + 15*a + 168. Determine l(22).
14
Let w(k) = -7*k**3 - 153*k**2 + 26*k + 35. Determine w(-22).
-53
Let f(u) = -15*u**3 + 37*u**2 - 5*u - 8. What is f(2)?
10
Let s(m) = -142*m - 539. What is s(-7)?
455
Let f(q) = -7*q**2 + 183*q - 31. What is f(26)?
-5
Let t(j) = -2*j**3 + 99*j**2 + 262*j - 49. What is t(52)?
55
Let m(y) = 3*y**3 + y**2 - 153*y - 8. Calculate m(7).
-1
Let m(v) = -3*v**2 - 64*v - 113. Calculate m(-19).
20
Let r(i) = -i**3 - 11*i**2 + 88*i + 137. Calculate r(-16).
9
Let x(b) = -7*b**2 + 64*b + 3. Determine x(9).
12
Let t(s) = -114*s**2 - 228*s + 3. Determine t(-2).
3
Let c(i) = -i**3 + 16*i**2 + 18*i + 328. What is c(18)?
4
Let b(f) = 100*f - 53. Determine b(-3).
-353
Let l(f) = -2*f**3 - 12*f**2 - 2*f + 73. What is l(0)?
73
Let m(a) = -a**2 - 46*a - 59. Calculate m(-45).
-14
Let z(o) = -o**2 + 94*o + 1504. Determine z(108).
-8
Let g(l) = l**2 + 376*l + 9756. Determine g(-28).
12
Let f(s) = -s**2 + 1577*s + 7. What is f(0)?
7
Let i(x) = 7*x + 204. Calculate i(-13).
113
Let f(p) = 1493*p**3 + 3*p**2 - 6*p + 4. Calculate f(1).
1494
Let h(j) = -j**2 - j + 11. Give h(-5).
-9
Let h(t) = -17*t**3 - t**2 + 4*t - 8. What is h(3)?
-464
Let r(m) = -346*m + 10. Calculate r(0).
10
Let z(b) = 19359*b - 96795. What is z(5)?
0
Let g(u) = 1640*u**2 - 4*u + 4. Give g(0).
4
Let z(m) = -2736*m - 30093. Determine z(-11).
3
Let m(l) = -2*l**2 + 2*l + 94. What is m(-8)?
-50
Let z(b) = 2*b**3 + 37*b**2 + 56*b + 75. What is z(-17)?
-10
Let n(d) = 18*d + 92. Calculate n(-23).
-322
Let v(s) = -9*s**2 + 324*s - 40. What is v(36)?
-40
Let j(n) = 26*n - 201. What is j(10)?
59
Let s(z) = -23438*z + 140632. Calculate s(6).
4
Let v(r) = 31*r - 1523. Give v(49).
-4
Let d(u) = 2*u**3 + 60*u**2 + 103*u + 3073. What is d(-30)?
-17
Let h(i) = -i**3 - 66*i**2 + i + 86. What is h(-66)?
20
Let m(c) = c**2 - 23*c - 172. What is m(-8)?
76
Let u(f) = -f**3 - 52*f**2 - 47*f + 217. Determine u(-51).
13
Let y(u) = u**3 + 17*u**2 - 14*u + 12. Give y(-18).
-60
Let i(u) = u**2 - 58*u + 163. Give i(55).
-2
Let v(r) = -r**3 - 7*r**2 + 22*r + 224. Calculate v(-8).
112
Let w(k) = -40*k + 4977. Calculate w(118).
257
Let o(t) = -28*t**2 - 563*t - 38. Determine o(-20).
22
Let c(h) = -254*h - 2614. Give c(-10).
-74
Let d(g) = 66*g - 49. Calculate d(-5).
-379
Let u(f) = 16*f + 150. Give u(-8).
22
Let h(c) = 237*c + 1137. Calculate h(-5).
-48
Let t(p) = p**3 + 49*p**2 + 95*p - 70. Calculate t(-47).
-117
Let v(y) = -64*y**3 + 4*y**2 - 5*y + 6. What is v(1)?
-59
Let k(h) = 8*h**2 - 268*h + 514. Give k(2).
10
Let b(o) = o**2 - 119*o - 6169. What is b(-39)?
-7
Let s(w) = w**3 - 13*w**2 - 42*w + 153. Give s(15).
-27
Let y(q) = -33*q + 302. What is y(11)?
-61
Let l(k) = -14*k - 615. What is l(23)?
-937
Let q(g) = -4*g**3 - 4*g - 16. What is q(3)?
-136
Let z(x) = -69*x - 217. Give z(-4).
59
Let z(f) = -13*f + 101. What is z(0)?
101
Let i(p) = p**3 - 12*p**2 - 10*p - 42. Determine i(13).
-3
Let m(l) = 16*l - 908. What is m(41)?
-252
Let l(k) = 8*k**2 - 28*k + 7. Give l(7).
203
Let n(i) = -i**3 - 87*i**2 - 164*i + 507. Give n(-85).
-3
Let b(x) = 5*x**2 + 5*x + 41. Give b(-7).
251
Let r(w) = w**2 - 194*w - 2066. What is r(204)?
-26
Let p(t) = -13*t**2 - 88*t - 40. Calculate p(-9).
-301
Let j(x) = 2*x**2 + 58*x - 984. Determine j(12).
0
Let m(b) = -4*b**2 - 110*b - 356. Determine m(-4).
20
Let v(b) = 3*b**3 - 202*b**2 - 340*b - 322. Determine v(69).
23
Let r(f) = -f**3 + 7*f**2 + 20*f + 8. Determine r(9).
26
Let n(r) = r**2 + 104*r - 1283. Give n(11).
-18
Let k(o) = -7*o**2 - 31*o + 2. Determine k(0).
2
Let b(v) = 883*v + 2641. Give b(-3).
-8
Let o(r) = 647*r + 9079. Determine o(-14).
21
Let r(o) = -o**2 - 156*o - 4325. Determine r(-120).
-5
Let n(m) = 14*m**3 - 101*m**2 - 89*m + 4. Give n(8).
-4
Let p(k) = k**2 - 7*k - 377. What is p(-15)?
-47
Let t(g) = -g**2 - 98*g + 2819. Determine t(23).
36
Let i(s) = -s**3 + 23*s**2 - 947*s + 23304. Determine i(24).
0
Let j(b) = 3*b**2 - 49*b + 18. What is j(15)?
-42
Let j(t) = 632*t - 11532. Determine j(18).
-156
Let s(t) = t**2 - 136*t - 40747. Calculate s(-145).
-2
Let g(u) = 13*u**2 + 28*u - 654. Calculate g(7).
179
Let n(t) = t**2 + 200*t + 239. What is n(-199)?
40
Let b(a) = a**2 - 83*a + 74. Determine b(82).
-8
Let p(a) = -2*a**2 + 18*a + 2. Determine p(4).
42
Let p(b) = 4*b**2 + 223*b - 64. Determine p(-56).
-8
Let x(f) = -2*f**3 + 26*f**2 + 275*f + 94. What is x(20)?
-6
Let u(f) = 25*f + 104. Give u(-5).
-21
Let v(t) = 7*t**2 - 33*t - 26. Determine v(5).
-16
Let s(o) = -4*o**2 - 19*o + 6. Give s(-5).
1
Let h(z) = -z**3 - 48*z**2 - 95*z + 11. Calculate h(-46).
149
Let i(t) = 2*t**3 + 16*t**2 - 5*t - 26. Determine i(-6).
148
Let g(u) = -u**2 + 2143*u + 10731. What is g(-5)?
-9
Let t(j) = 14*j**2 - 143*j + 18. Give t(10).
-12
Let p(g) = -2*g**2 - 24*g - 2. Calculate p(-4).
62
Let y(w) = -3*w**2 + 112*w - 186. Give y(36).
-42
Let s(c) = 137*c + 174. Determine s(-3).
-237
Let k(g) = 42*g**2 + 510*g + 9. Determine k(-12).
-63
Let r(b) = -3*b**3 + 10*b**2 + 14*b - 14. What is r(-2)?
22
Let t(z) = -143*z**3 + 4*z**2 + 6*z - 7. Give t(1).
-140
Let s(u) = u**3 + 6*u**2 + 16*u + 79. Calculate s(-5).
24
Let z(b) = 311*b**2 + 14*b - 3. What is z(1)?
322
Let t(r) = -3*r**2 + 438*r - 4081. What is t(10)?
-1
Let q(f) = f**2 - 10*f - 58. Determine q(7).
-79
Let l(c) = c**2 + 95*c + 2080. What is l(-36)?
-44
Let z(m) = -24*m + 234. Give z(8).
42
Let x(t) = t**2 + 258*t - 1311. Give x(5).
4
Let d(q) = 2*q**2 - 9*q + 2. Calculate d(-1).
13
Let c(t) = 53*t - 242. Give c(0).
-242
Let g(x) = -x**3 - 12*x**2 - 39*x + 47. Give g(-5).
67
Let w(d) = 763*d - 19072. Calculate w(25).
3
Let v(q) = 2418*q + 2391. Determine v(-1).
-27
Let n(w) = 498*w + 503. What is n(-1)?
5
Let q(b) = b**3 - 7*b**2 - 28*b + 15. Give q(12).
399
Let t(f) = -716*f - 1420. Give t(-2).
12
Let r(k) = -k**3 + 41*k**2 + 2*k - 88. Give r(41).
-6
Let v(q) = -16590*q - 132728. Determine v(-8).
-8
Let t(u) = u**2 - 16*u - 11170. Calculate t(-98).
2
Let c(r) = r**3 - 19*r**2 + 30*r - 69. What is c(18)?
147
Let r(m) = -m**2 + 71*m - 1242. What is r(21)?
-192
Let n(k) = -19*k + 296. What is n(19)?
-65
Let u(b) = -b**3 - 87*b**2 - 169*b + 225. What is u(-85)?
140
Let f(j) = -113*j - 821. What is f(-7)?
-30
Let d(w) = 3*w**2 - 49*w + 19. Determine d(14).
-79
Let f(n) = 29*n + 453. Give f(-16).
-11
Let p(t) = -t**3 - 4*t**2 + 19*t - 29. Determine p(3).
-35
Let f(o) = -o**2 + 15*o + 55. What is f(9)?
109
Let s(o) = -o**3 - 63*o**2 - 626*o - 174. Calculate s(-12).
-6
Let k(p) = -p**2 - 33*p + 134. Give k(-39).
-100
Let z(h) = -2*h**3 + 13*h**2 + 244*h + 140. Give z(15).
-25
Let q(v) = -v - 81. What is q(-85)?
4
Let s(u) = -u**2 + 9*u + 290. What is s(22)?
4
Let i(h) = -11*h + 58. What is i(6)?
-8
Let x(d) = d**2 - 40*d + 465. Determine x(25).
90
Let y(f) = -20*f + 629. Calculate y(32).
-11
Let y(h) = h**3 + 44*h**2 - 144*h - 307. Calculate y(-47).
-166
Let i(d) = -d**3 + 25*d**2 + 29*d - 82. Determine i(26).
-4
Let l(u) = 104*u - 236. Give l(3).
76
Let j(r) = 2*r**2 + 21*r - 795. What is j(17)?
140
Let n(m) = -5*m**2 - 11. Determine n(-4).
-91
Let t(w) = -19*w + 64. Calculate t(9).
-107
Let z(s) = s**3 + 26*s**2 - 159*s - 68. Determine z(-31).
56
Let i(m) = -3*m + 45. Give i(6).
27
Let u(k) = -k**2 - 125*k + 1793. Calculate u(13).
-1
Let a(v) = -11*v**2 + 1985*v - 865. Calculate a(180).
35
Let v(z) = 1070*z - 4252. Give v(4).
28
Let s(o) = o**2 + 26*o + 119. Calculate s(-30).
239
Let j(b) = -23*b**2 - 10*b - 27. What is j(-2)?
-99
Let a(d) = -d**3 - 2*d**2 + d - 26. Give a(0).
-26
Let p(n) = -n**2 - 14*n + 22. Determine p(-7).
71
Let b(d) = -d**3 - 31*d**2 - 9*d - 286. Determine b(-31).
-7
Let u(t) = 5*t**3 - 221*t**2 + 41*t + 167. Calculate u(44).
35
Let r(l) = 30*l + 180. Give r(-4).
60
Let m(i) = 10*i**3 + 5*i**2 + 11. Calculate m(-3).
-214
Let i(a) = -a**3 + 4*a**2 + 2*a + 4. Give i(8).
-236
Let b(p) = -2643*p - 2648. Calculate b(-1).
-5
Let b(o) = 6*o**2 - 168*o - 1. What is b(30)?
359
Let y(o) = o**3 - 8*o**2 + 8*o + 19. Calculate y(9).
172
Let u(o) = 3*o**3 + 10*o**2 - 19*o - 48. Calculate u(-4).
-4
Let k(p) = -24*p - 322. Determine k(-12).
-34
Let w(a) = 44*a**2 + 397*a - 5. What is w(-9)?
-